 r(-5).
-5
Let d = -8 + 1. Let g(l) = 13 - 5 - 4 + 11 + l. Let s(v) = -2. Let r(y) = -g(y) - 2*s(y). What is r(d)?
-4
Let i(l) = -6*l**2 - 7*l - 6. Let u(m) = -5*m**2 - 17*m - m + 13*m - 2 - 5. Let z(t) = 6*i(t) - 7*u(t). Calculate z(-8).
5
Let j = -88 + 91. Let b be -2*(3/6 - j). Let h(r) = 2*r**2 - 5*r - 5. Give h(b).
20
Let c be (-5)/(30/4)*(-90)/30. Let i be (-10)/5 - (0 - c). Let z(o) be the third derivative of o**5/60 + o**4/24 + 7*o**3/3 + o**2. Calculate z(i).
14
Let s(j) be the third derivative of 48*j**2 + 0*j + 1/30*j**5 - 2/3*j**3 + 1/24*j**4 - 1/120*j**6 + 0. Calculate s(3).
-10
Let c(p) be the third derivative of p**6/360 + p**5/30 - p**4/24 + 29*p**3/6 - p**2 - 21. Let o(n) be the first derivative of c(n). Give o(-4).
-1
Let i(t) = -2*t**3 - 24*t**2 - 7*t - 3. Let p = 41408 + -41420. Give i(p).
81
Let o(x) = -x**2 - x + 3. Let a be o(0). Let n = 102 + -99. Let u(y) = 16 + y - 24 + n. Determine u(a).
-2
Let z(c) = 28*c - 1336. Let f be z(48). Let s(o) = 2*o**2 - 9*o - 9. Determine s(f).
47
Let p(z) be the first derivative of 6*z**2 - 106*z + 1260. Calculate p(9).
2
Let a(y) be the first derivative of y**4/4 - 6*y**3 + 31*y**2/2 + 20*y - 2315. Give a(16).
4
Let l(h) = -h**3 - 9*h**2 - 8*h - 11. Suppose 5*z + c + 46 = 0, 4*z = 8*c - 12*c - 56. Calculate l(z).
-11
Let i(l) be the third derivative of -l**5/5 - l**3/6 - 390*l**2. Give i(-1).
-13
Let z(x) = x**3 + 4*x**2 + 5*x + 2. Let y be ((-352)/(-132))/(28/(-63) - 2/9). Determine z(y).
-18
Let i(j) = -5*j**3 + 3*j**2 + 6*j - 21. Let f(d) = -27*d**3 + 14*d**2 + 29*d - 106. Let s(x) = -2*f(x) + 11*i(x). What is s(6)?
-7
Let m(x) be the second derivative of 1/2*x**2 + 7/12*x**4 + 4 - 12*x + 7/6*x**3 + 1/20*x**5. Let r = 14 + -20. What is m(r)?
-5
Let a be 10/135*9 + (-272)/(-6). Let v(t) = 2*t**2 + 116 - a - 57 + 8*t - 3*t**2. Suppose 5*n - 46 = -1. What is v(n)?
4
Suppose -4*s + 744 = -500. Let a(i) = 311 - s + 2*i + i. Let n(w) = -10*w + 1. Let c(h) = 7*a(h) + 2*n(h). Give c(-5).
-3
Suppose 86 = -s - 9*q, 0 = -36*q + 34*q - 20. Let x(y) be the third derivative of -y**6/120 + y**5/20 - y**4/8 + y**3/6 - y**2. Calculate x(s).
-27
Suppose -7*v - 10*v = v. Suppose v = -29*h + 13*h - 96. Let x(d) = -d**2 - 11*d + 1. Give x(h).
31
Suppose 0 = -410*s + 424*s - 70. Let x be -2 + -1 + 2 + 5. Suppose -x*m = -s*m - 1. Let q(h) = -10*h**3 + 2*h + 1. Calculate q(m).
9
Let u be -1*3*(78 - 24). Let w = -156 - u. Let v(y) = -2 + 2 + 5 - y. Determine v(w).
-1
Let c(j) = -2740*j + 16431. Let w be c(6). Let x(p) = p. Let o(a) = 2*a + 1. Let l(g) = -4*o(g) + 6*x(g). Determine l(w).
14
Let b(r) be the second derivative of r**2 + 115 - 1/6*r**4 - 3/20*r**5 - 1/3*r**3 + r. Calculate b(2).
-34
Let z(f) be the second derivative of 0 - 5/3*f**3 + 5/2*f**2 - 13*f. Determine z(1).
-5
Let l(d) = 70*d + 58*d + 69*d - 199*d. Give l(3).
-6
Let f(p) be the first derivative of 7*p**2/2 + p + 3570. What is f(-2)?
-13
Suppose 405*a + 62 = -60 - 283. Let w(x) = -3*x**2 - 1. Calculate w(a).
-4
Let h(x) = -7*x**3 - 5*x**2 - 217. Let t(r) = -r**3 - r**2 - 36. Let l(z) = h(z) - 6*t(z). Let i(c) = c**2 + 2*c - 4. Let b be i(-3). Determine l(b).
1
Suppose 72 - 148 = -2*m - 68. Let l(a) = 19*a - 65. Determine l(m).
11
Let k(u) be the second derivative of -1/6*u**3 - 4 + 7/2*u**2 - 3*u. What is k(3)?
4
Let z(h) = 3*h + 23. Suppose 0 = -3*t - 2*t - 24*t - 232. Determine z(t).
-1
Let t(a) = 138 - 5*a**2 + 142 - 8*a**3 + 141 - 419 - 2*a. Calculate t(-1).
7
Let m(i) = -21*i**2 - 7*i - 9. Suppose -46*v - 30 = 3*t - 42*v, v + 4 = t. Determine m(t).
-79
Let q be 13/3 + -1*1/3. Suppose 2*p - 53 = -5*g, -2*g = -5*p - g + 92. Let s(n) = p - 12 - 5*n + n - q. Give s(5).
-17
Suppose -2*z + 5*p + 35 = 0, 5 = 4*p + 1. Suppose -3*w = 2*w - z. Let o(b) = 6*b + 2166 + 0*b + 0*b**2 - 2166 - 2*b**2. Calculate o(w).
-8
Let k be (-4 + 6 - 5) + 37. Let a = -40 + k. Let w(p) = -9*p**3 + 6*p**2 - 2*p - 5. Let g(z) = z**2 - 1. Let l(o) = a*g(o) + w(o). Calculate l(1).
-10
Let s = -5987 - -5992. Let k(r) = 2*r**2 - 5*r + 6. Determine k(s).
31
Let g(l) = -l**3 - l**2 + 11*l + 7. Suppose -84*h = -180*h + 86*h - 40. Give g(h).
11
Let q(n) be the third derivative of 0*n + 0 + 216*n**2 - 5/6*n**4 + 1/3*n**3. Give q(1).
-18
Let t(y) = 13 + 628*y + 645*y + 3*y**2 - 1285*y. Let u(m) = -m**2. Let i(v) = t(v) + 4*u(v). What is i(-13)?
0
Suppose -n - 5 = -4. Let a = 95 - 8. Let r(j) = -a + 3*j**2 + 87 + 0*j**2. Determine r(n).
3
Let t(f) be the first derivative of -3*f**4/4 + f**3/3 + 3*f**2/2 - 7*f - 2937. What is t(0)?
-7
Let q(m) = 4*m + 22*m**2 + 0*m - 21*m**2 + 18 - 25*m. What is q(19)?
-20
Let a(w) be the second derivative of -2*w**3/3 + 31*w**2/2 - 2468*w. Give a(6).
7
Let k(r) = -31 - 73 + 0*r**2 - 20502*r + 20518*r + 8 + r**2. Determine k(5).
9
Let u(w) = w + 7. Let t(z) = 4*z + 29. Let r(x) = 2*t(x) - 9*u(x). Suppose -16*c = -10*c + 84. Let o be r(c). Let g(q) = -q + 9. Calculate g(o).
0
Let t(a) = a**2 + 4*a + 2. Let s(c) = -c**2 - 11*c - 8. Let b be s(-10). Let g(h) = b*h + 25 - h**2 - 3*h - 17. Let x be g(-4). Determine t(x).
2
Let p(w) = -76*w**2 + 1141*w - 16. Let v be p(15). Let r(b) = 112*b + 3. Calculate r(v).
-109
Let z = -195 - -200. Suppose -z*l + 10 = -5*m, l = 11*m - 7*m - 7. Let y(o) be the third derivative of o**5/60 - 7*o**4/24 + 5*o**3/6 - o**2. Determine y(l).
-5
Let r(h) be the first derivative of h**3/3 + 11*h**2 + 116*h + 2582. Determine r(-14).
4
Let l(q) = -13*q + 44. Suppose 51*u + 75 = 228. Determine l(u).
5
Let i(s) = 92*s + 456. Let b be i(-5). Let g(a) = 9*a - 4 - 5*a + 12. Give g(b).
-8
Suppose -128 = 48*g + 16*g. Let w(b) = -7*b**2 - 11*b - 8. What is w(g)?
-14
Let k(n) = -n**2 - 16*n + 12. Let j = -25 - -8. Let b be k(j). Let u(z) = -5*z + 3. Let q(l) = -3*l - 1. Let o(x) = -q(x) + u(x). Determine o(b).
14
Suppose -4*v + 5*t = -4*v, 0 = 4*v - t + 20. Let h(j) = j + 22. What is h(v)?
17
Suppose -3*s = 3*j - 124 + 79, 0 = -21*s - 5*j + 171. Let n(l) = -l**3 + 4*l**2 + 16*l - 20. Give n(s).
4
Let x(k) = -k**2 + 11*k + 162. Let f be x(-8). Let s(q) = q**3 - 11*q**2 + 10*q + 14. What is s(f)?
14
Let k(v) = 0*v - 2 + 7*v - 4*v + 0*v + 8*v. Calculate k(-7).
-79
Let m(i) = i + i - 4 + 7*i - i**2 - 3*i. Let k be (2 - (-7)/(-3))*-9. Suppose o - 4*o = 5*n - 10, n - 20 = k*o. Determine m(n).
1
Let q(g) be the second derivative of -7/6*g**3 - 1/20*g**5 - 7/12*g**4 - 96*g - g**2 + 0. Calculate q(-6).
4
Let d(g) be the third derivative of g**6/120 - 13*g**5/20 + g**4/6 - 80*g**3/3 - 883*g**2. Determine d(39).
-4
Suppose -2*i + 12 + 10 = 0. Let p(w) = w**3 - 11*w**2 + 3. Let x be p(i). Let n(d) = -7*d + 5. Let y(b) = 3*b - 2. Let t(h) = 3*n(h) + 8*y(h). Calculate t(x).
8
Let o = 33 - 38. Let s be (28/(-16) - (4 + o))*8. Let x(w) = -w - 6. Calculate x(s).
0
Let z(o) = -3*o**2 + 10*o - 6. Let k(m) = -8*m**2 + 23*m - 13. Let c(t) = -2*k(t) + 5*z(t). Let p(u) = u**2 + 6*u - 4. Let b be p(-6). Calculate c(b).
-4
Suppose -3*d = -d + 3*w - 34, -3*w - 12 = 0. Let r = 38 + -12. Let v = d - r. Let j(g) = -10*g - 3. Calculate j(v).
27
Suppose 0 = 4*u + 64. Let g be 18/81 + u/(-9). Let t(r) = r**g + 0*r**2 + 3*r**2 - 5*r**2 - 6*r + 4. What is t(-6)?
4
Let i(l) be the third derivative of 11/24*l**4 + 0 + 5/6*l**3 - 1/6*l**5 - 1/120*l**6 - 141*l**2 + 0*l. Calculate i(-11).
5
Let v(f) = 21*f + 7. Suppose 0 = -4*d - 5*t + 18, 6 = -14*d + 10*d - t. What is v(d)?
-56
Let t(g) = g**2 + 11*g + 1. Let b be t(-11). Let a(q) = 9*q + 2 - 6*q - b + 5. Let h be a(-3). Let o(k) = k - 4. Give o(h).
-7
Let z(t) = 11*t - 3. Let y(c) be the third derivative of c**4/4 - c**3/6 + c**2 - 11*c. Let u(b) = 7*y(b) - 4*z(b). Calculate u(-9).
23
Let p(h) be the third derivative of h**4/6 - h**3/3 - 332*h**2 - 3*h. Calculate p(0).
-2
Let o(d) = 7*d + 11. Suppose 5*r + 65*k - 67*k = 1285, 4*k - 771 = -3*r. Let f = 249 - r. What is o(f)?
-45
Suppose 2*b = 38 - 30. Let a(x) = 126*x - 1. Let n be a(1). Let w(g) = b*g**2 - n*g**3 - 3*g - 4 + 5*g + 124*g**3. Determine w(4).
4
Let i(u) = u**2 - 23*u + 62. Let w be i(20). Let d(x) = 7 + 13 - w*x - 15. Determine d(3).
-1
Let u(b) = -b**2 + 51*b - 223. Let j be u(5). Let p(t) = -9*t + 12. What is p(j)?
-51
Let o(p) = 2*p**2 + 42*p - 11. Let m(v) = 2*v**3 - 40*v**2 + 149*v - 3001. Let q be m(20). What is o(q)?
-11
Suppose 5*a - 5*x +